{"id":953,"date":"2013-04-02T17:00:55","date_gmt":"2013-04-02T17:00:55","guid":{"rendered":"http:\/\/www.kriesi.at\/themes\/enfold\/?page_id=953"},"modified":"2024-07-25T09:43:19","modified_gmt":"2024-07-25T14:43:19","slug":"contacto","status":"publish","type":"page","link":"https:\/\/www.gruporen.com\/index.php\/contacto\/","title":{"rendered":"Contacto"},"content":{"rendered":"<div id='av_section_1'  class='avia-section av-38dlkx-d05457ae0ad88e6ee469d16277b57f9c main_color avia-section-default avia-no-shadow  avia-builder-el-0  el_before_av_section  avia-builder-el-first  avia-bg-style-scroll container_wrap sidebar_right'  ><div class='container av-section-cont-open' ><main  role=\"main\" itemprop=\"mainContentOfPage\"  class='template-page content  av-content-small alpha units'><div class='post-entry post-entry-type-page post-entry-953'><div class='entry-content-wrapper clearfix'>\n\n\n<\/div><\/div><\/main><!-- close content main element --><\/div><\/div><div id='av_section_2'  class='avia-section av-2ufevl-38b9d65dc7021ec1151592ffb87031b5 alternate_color avia-section-default avia-no-shadow  avia-builder-el-2  el_after_av_section  el_before_av_hr  avia-bg-style-scroll container_wrap sidebar_right'  ><div class='container av-section-cont-open' ><div class='template-page content  av-content-small alpha units'><div class='post-entry post-entry-type-page post-entry-953'><div class='entry-content-wrapper clearfix'>\n<div  class='flex_column av-2rxb1t-296e3a33c10acec61765dd717b15e681 av_three_fifth  avia-builder-el-3  el_before_av_two_fifth  avia-builder-el-first  first flex_column_div  '     ><div  class='avia-button-wrap av-lndckzok-33ab6e0c0287d7e49ba8ad42e4857e1b-wrap avia-button-center  avia-builder-el-4  avia-builder-el-no-sibling '><a href='https:\/\/kawak.com.co\/renconsultores\/pqrs\/pqrs_form.php?'  class='avia-button av-lndckzok-33ab6e0c0287d7e49ba8ad42e4857e1b av-link-btn avia-icon_select-yes-left-icon avia-size-x-large avia-position-center avia-color-theme-color'  target=\"_blank\"  rel=\"noopener noreferrer\"  aria-label=\"Contacto\"><span class='avia_button_icon avia_button_icon_left avia-iconfont avia-font-entypo-fontello' data-av_icon='\ue80a' data-av_iconfont='entypo-fontello' ><\/span><span class='avia_iconbox_title' >Contacto<\/span><\/a><\/div><\/div><div  class='flex_column av-24t7sx-72e0ddc22c2ad636980b2133f37076b8 av_two_fifth  avia-builder-el-5  el_after_av_three_fifth  avia-builder-el-last  flex_column_div  '     ><p>\n<style type=\"text\/css\" data-created_by=\"avia_inline_auto\" id=\"style-css-av-kjnrch8j-2aca6572433b34c4e60b92224ffd8829\">\n.avia-image-container.av-kjnrch8j-2aca6572433b34c4e60b92224ffd8829 img.avia_image{\nbox-shadow:none;\n}\n.avia-image-container.av-kjnrch8j-2aca6572433b34c4e60b92224ffd8829 .av-image-caption-overlay-center{\ncolor:#ffffff;\n}\n<\/style>\n<div  class='avia-image-container av-kjnrch8j-2aca6572433b34c4e60b92224ffd8829 av-styling- av-hover-grow avia-align-center  avia-builder-el-6  el_before_av_heading  avia-builder-el-first '   itemprop=\"image\" itemscope=\"itemscope\" itemtype=\"https:\/\/schema.org\/ImageObject\" ><div class=\"avia-image-container-inner\"><div class=\"avia-image-overlay-wrap\"><img decoding=\"async\" fetchpriority=\"high\" class='wp-image- avia-img-lazy-loading-not- avia_image ' src=\"https:\/\/www.gruporen.com\/wp-content\/uploads\/2021\/01\/Servicio-Ren-206x300.png\" alt='' title=''   itemprop=\"thumbnailUrl\"  \/><\/div><\/div><\/div><br \/>\n\n<style type=\"text\/css\" data-created_by=\"avia_inline_auto\" id=\"style-css-av-a550x-a64ed7064de098dfc37d4dd7f168c8d1\">\n#top .av-special-heading.av-a550x-a64ed7064de098dfc37d4dd7f168c8d1{\npadding-bottom:10px;\n}\nbody .av-special-heading.av-a550x-a64ed7064de098dfc37d4dd7f168c8d1 .av-special-heading-tag .heading-char{\nfont-size:25px;\n}\n.av-special-heading.av-a550x-a64ed7064de098dfc37d4dd7f168c8d1 .av-subheading{\nfont-size:15px;\n}\n<\/style>\n<div  class='av-special-heading av-a550x-a64ed7064de098dfc37d4dd7f168c8d1 av-special-heading-h3  avia-builder-el-7  el_after_av_image  el_before_av_textblock '><h3 class='av-special-heading-tag '  itemprop=\"headline\"  >Cont\u00e1ctanos<\/h3><div class=\"special-heading-border\"><div class=\"special-heading-inner-border\"><\/div><\/div><\/div><br \/>\n<section  class='av_textblock_section av-kis43g2d-19732d6bb872e739be206e7dcef08184 '   itemscope=\"itemscope\" itemtype=\"https:\/\/schema.org\/CreativeWork\" ><div class='avia_textblock'  itemprop=\"text\" ><p>Queremos que te pongas en contacto con nosotros para compartir tus comentarios, opiniones y necesidades o para recibir una asesor\u00eda completa sobre un producto o servicio de tu inter\u00e9s. Seg\u00fan la informaci\u00f3n que necesites.<\/p>\n<\/div><\/section><br \/>\n<article  class='iconbox iconbox_left av-kis45zkr-cac03f814a0dd08763e4dfec4714215e  avia-builder-el-9  el_after_av_textblock  el_before_av_icon_box '  itemscope=\"itemscope\" itemtype=\"https:\/\/schema.org\/CreativeWork\" ><div class=\"iconbox_content\"><header class=\"entry-content-header\" aria-label=\"Icon: \"><div class='iconbox_icon heading-color avia-iconfont avia-font-entypo-fontello' data-av_icon='' data-av_iconfont='entypo-fontello'  ><\/div><\/header><div class='iconbox_content_container '  itemprop=\"text\" ><p>(601) 915 77 00<\/p>\n<\/div><\/div><footer class=\"entry-footer\"><\/footer><\/article><br \/>\n<article  class='iconbox iconbox_left av-kis45zkr-8-e49de5fb6e18b22a5669f51e90158f1d  avia-builder-el-10  el_after_av_icon_box  el_before_av_icon_box '  itemscope=\"itemscope\" itemtype=\"https:\/\/schema.org\/CreativeWork\" ><div class=\"iconbox_content\"><header class=\"entry-content-header\" aria-label=\"Icon: \"><div class='iconbox_icon heading-color avia-iconfont avia-font-entypo-fontello' data-av_icon='\ue842' data-av_iconfont='entypo-fontello'  ><\/div><\/header><div class='iconbox_content_container '  itemprop=\"text\" ><p><span class=\"LrzXr\">Carrera 9A # 99 \u2013 02,<\/span> Bogot\u00e1 D.C, Colombia &#8211; Bogot\u00e1 D.C, Colombia<\/p>\n<\/div><\/div><footer class=\"entry-footer\"><\/footer><\/article><br \/>\n<article  class='iconbox iconbox_left av-kis45zkr-7-8cc4ba5e2fb7ca615ef6a9849c443839  avia-builder-el-11  el_after_av_icon_box  avia-builder-el-last '  itemscope=\"itemscope\" itemtype=\"https:\/\/schema.org\/CreativeWork\" ><div class=\"iconbox_content\"><header class=\"entry-content-header\" aria-label=\"Icon: \"><div class='iconbox_icon heading-color avia-iconfont avia-font-entypo-fontello' data-av_icon='\ue8ad' data-av_iconfont='entypo-fontello'  ><\/div><\/header><div class='iconbox_content_container '  itemprop=\"text\" ><p><a href=\"http:\/\/www.gruporen.com\">www.gruporen.com<\/a><\/p>\n<\/div><\/div><footer class=\"entry-footer\"><\/footer><\/article><\/p><\/div>\n<\/div><\/div><\/div><!-- close content main div --><\/div><\/div><div id='after_section_2'  class='main_color av_default_container_wrap container_wrap sidebar_right'  ><div class='container av-section-cont-open' ><div class='template-page content  av-content-small alpha units'><div class='post-entry post-entry-type-page post-entry-953'><div class='entry-content-wrapper clearfix'>\n<div  class='hr av-yern5-fd713c088c06f1a907c52e34781008f9 hr-default  avia-builder-el-12  el_after_av_section  el_before_av_two_fifth  avia-builder-el-first '><span class='hr-inner '><span class=\"hr-inner-style\"><\/span><\/span><\/div>\n\n<style type=\"text\/css\" data-created_by=\"avia_inline_auto\" id=\"style-css-av-qbwyp-a70f57d51f7e4f34b5d61fae69b9fdb6\">\n.flex_column.av-qbwyp-a70f57d51f7e4f34b5d61fae69b9fdb6{\nborder-radius:0px 0px 0px 0px;\npadding:0px 0px 0px 0px;\n}\n<\/style>\n<div  class='flex_column av-qbwyp-a70f57d51f7e4f34b5d61fae69b9fdb6 av_two_fifth  avia-builder-el-13  el_after_av_hr  el_before_av_one_fifth  first flex_column_div av-zero-column-padding  '     ><section  class='av_textblock_section av-kis3il3q-d7abf46cbd987864aabfc686634f36f3 '   itemscope=\"itemscope\" itemtype=\"https:\/\/schema.org\/CreativeWork\" ><div class='avia_textblock'  itemprop=\"text\" ><h4>Informaci\u00f3n legal<\/h4>\n<p>En <a href=\"http:\/\/www.renconsultores.com.co\">Grupo Ren<\/a> estamos comprometidos con la privacidad de los datos de nuestros usuarios y clientes. Somos plenamente conscientes de nuestras responsabilidades para con las buenas pr\u00e1cticas de uso de datos de car\u00e1cter personal.<\/p>\n<p>Este aviso legal contiene informaci\u00f3n sobre c\u00f3mo proteger los derechos y la seguridad de nuestros usuarios y clientes, as\u00ed como la nuestra y por tanto, recomendamos su lectura.<\/p>\n<\/div><\/section><\/div>\n\n<style type=\"text\/css\" data-created_by=\"avia_inline_auto\" id=\"style-css-av-l0opd-57083ec38c2c56c1d0bca32ce8b30dff\">\n.flex_column.av-l0opd-57083ec38c2c56c1d0bca32ce8b30dff{\nborder-radius:0px 0px 0px 0px;\npadding:0px 0px 0px 0px;\n}\n<\/style>\n<div  class='flex_column av-l0opd-57083ec38c2c56c1d0bca32ce8b30dff av_one_fifth  avia-builder-el-15  el_after_av_two_fifth  el_before_av_one_fifth  flex_column_div av-zero-column-padding  '     ><p>\n<style type=\"text\/css\" data-created_by=\"avia_inline_auto\" id=\"style-css-av-kis3q2jb-12e4f37efc3b359efd86426a45872158\">\n.av_font_icon.av-kis3q2jb-12e4f37efc3b359efd86426a45872158 .av-icon-char{\nfont-size:80px;\nline-height:80px;\n}\n<\/style>\n<span  class='av_font_icon av-kis3q2jb-12e4f37efc3b359efd86426a45872158 avia_animate_when_visible av-icon-style- avia-icon-pos-center avia-iconfont avia-font-entypo-fontello av-no-color avia-icon-animate'><a href='https:\/\/renconsultores.com.co\/politica-organizacional'  target=\"_blank\"  rel=\"noopener noreferrer\"  class='av-icon-char' data-av_icon='\ue84c' data-av_iconfont='entypo-fontello' aria-hidden=\"false\" ><\/a><\/span><br \/>\n<section  class='av_textblock_section av-9l8z5-234932d1e6acb0b2a6f512c6995065b1 '   itemscope=\"itemscope\" itemtype=\"https:\/\/schema.org\/CreativeWork\" ><div class='avia_textblock'  itemprop=\"text\" ><p style=\"text-align: center;\">Pol\u00edtica Organizacional<\/p>\n<\/div><\/section><\/p><\/div>\n\n<style type=\"text\/css\" data-created_by=\"avia_inline_auto\" id=\"style-css-av-l0opd-6-bd93a1d46b07b75967943471603508b3\">\n.flex_column.av-l0opd-6-bd93a1d46b07b75967943471603508b3{\nborder-radius:0px 0px 0px 0px;\npadding:0px 0px 0px 0px;\n}\n<\/style>\n<div  class='flex_column av-l0opd-6-bd93a1d46b07b75967943471603508b3 av_one_fifth  avia-builder-el-18  el_after_av_one_fifth  el_before_av_one_fifth  flex_column_div av-zero-column-padding  '     ><p>\n<style type=\"text\/css\" data-created_by=\"avia_inline_auto\" id=\"style-css-av-kis3q2jb-5-af57216f657e93fddb2afa6fa997e145\">\n.av_font_icon.av-kis3q2jb-5-af57216f657e93fddb2afa6fa997e145 .av-icon-char{\nfont-size:80px;\nline-height:80px;\n}\n<\/style>\n<span  class='av_font_icon av-kis3q2jb-5-af57216f657e93fddb2afa6fa997e145 avia_animate_when_visible av-icon-style- avia-icon-pos-center avia-iconfont avia-font-entypo-fontello av-no-color avia-icon-animate'><a href='https:\/\/renconsultores.com.co\/politica-de-tratamiento-de-datos-personales'  target=\"_blank\"  rel=\"noopener noreferrer\"  class='av-icon-char' data-av_icon='\ue84c' data-av_iconfont='entypo-fontello' aria-hidden=\"false\" ><\/a><\/span><br \/>\n<section  class='av_textblock_section av-9l8z5-4-c7fb1882b3d62909286b7706f8d2950e '   itemscope=\"itemscope\" itemtype=\"https:\/\/schema.org\/CreativeWork\" ><div class='avia_textblock'  itemprop=\"text\" ><p style=\"text-align: center;\">Pol\u00edtica de tratamiento de datos personales<\/p>\n<\/div><\/section><\/p><\/div>\n\n<style type=\"text\/css\" data-created_by=\"avia_inline_auto\" id=\"style-css-av-l0opd-3-8bec918bc1e478fa446fdb8ab435a81a\">\n.flex_column.av-l0opd-3-8bec918bc1e478fa446fdb8ab435a81a{\nborder-radius:0px 0px 0px 0px;\npadding:0px 0px 0px 0px;\n}\n<\/style>\n<div  class='flex_column av-l0opd-3-8bec918bc1e478fa446fdb8ab435a81a av_one_fifth  avia-builder-el-21  el_after_av_one_fifth  avia-builder-el-last  flex_column_div av-zero-column-padding  '     ><p>\n<style type=\"text\/css\" data-created_by=\"avia_inline_auto\" id=\"style-css-av-kis3q2jb-2-e31050a33ec0a4d3ba362ef2c29da823\">\n.av_font_icon.av-kis3q2jb-2-e31050a33ec0a4d3ba362ef2c29da823 .av-icon-char{\nfont-size:80px;\nline-height:80px;\n}\n<\/style>\n<span  class='av_font_icon av-kis3q2jb-2-e31050a33ec0a4d3ba362ef2c29da823 avia_animate_when_visible av-icon-style- avia-icon-pos-center avia-iconfont avia-font-entypo-fontello av-no-color avia-icon-animate'><a href='https:\/\/renconsultores.com.co\/politica-de-seguridad-y-privacidad-de-nuestro-sitio-web\/'  target=\"_blank\"  rel=\"noopener noreferrer\"  class='av-icon-char' data-av_icon='\ue84c' data-av_iconfont='entypo-fontello' aria-hidden=\"false\" ><\/a><\/span><br \/>\n<section  class='av_textblock_section av-9l8z5-1-ca0f4d4a6c98fc025671e498ee4070f4 '   itemscope=\"itemscope\" itemtype=\"https:\/\/schema.org\/CreativeWork\" ><div class='avia_textblock'  itemprop=\"text\" ><p style=\"text-align: center;\">Pol\u00edtica de privacidad de nuestro sitio web<\/p>\n<\/div><\/section><\/p><\/div>\n","protected":false},"excerpt":{"rendered":"","protected":false},"author":1,"featured_media":0,"parent":0,"menu_order":0,"comment_status":"open","ping_status":"open","template":"","meta":{"rs_blank_template":"","rs_page_bg_color":"","slide_template_v7":"","inline_featured_image":false,"footnotes":""},"class_list":["post-953","page","type-page","status-publish","hentry"],"_links":{"self":[{"href":"https:\/\/www.gruporen.com\/index.php\/wp-json\/wp\/v2\/pages\/953","targetHints":{"allow":["GET"]}}],"collection":[{"href":"https:\/\/www.gruporen.com\/index.php\/wp-json\/wp\/v2\/pages"}],"about":[{"href":"https:\/\/www.gruporen.com\/index.php\/wp-json\/wp\/v2\/types\/page"}],"author":[{"embeddable":true,"href":"https:\/\/www.gruporen.com\/index.php\/wp-json\/wp\/v2\/users\/1"}],"replies":[{"embeddable":true,"href":"https:\/\/www.gruporen.com\/index.php\/wp-json\/wp\/v2\/comments?post=953"}],"version-history":[{"count":29,"href":"https:\/\/www.gruporen.com\/index.php\/wp-json\/wp\/v2\/pages\/953\/revisions"}],"predecessor-version":[{"id":3321,"href":"https:\/\/www.gruporen.com\/index.php\/wp-json\/wp\/v2\/pages\/953\/revisions\/3321"}],"wp:attachment":[{"href":"https:\/\/www.gruporen.com\/index.php\/wp-json\/wp\/v2\/media?parent=953"}],"curies":[{"name":"wp","href":"https:\/\/api.w.org\/{rel}","templated":true}]}}